{"id":98,"date":"2022-09-16T11:16:49","date_gmt":"2022-09-16T14:46:49","guid":{"rendered":"https:\/\/www.esd.mun.ca\/wordpress\/odcpcanada\/?page_id=98"},"modified":"2023-06-19T15:04:41","modified_gmt":"2023-06-19T18:34:41","slug":"people","status":"publish","type":"page","link":"\/wordpress\/iodpcanada\/index.php\/people\/","title":{"rendered":"People"},"content":{"rendered":"\n<h1 class=\"wp-block-heading\">CCOD Executive Committee<\/h1>\n\n\n<div class=\"wp-block-image\">\n<figure class=\"alignleft size-large is-resized\"><img decoding=\"async\" src=\"https:\/\/www.esd.mun.ca\/wordpress\/iodpcanada\/images\/john-jamieson-final.jpg\" alt=\"\" width=\"160\" title=\"john-jamieson-final.jpg\"\/><\/figure><\/div>\n\n\n<h4 class=\"wp-block-heading\">John W. Jamieson &#8211; CCOD Chair<\/h4>\n\n\n\n<p>Associate Professor, Canada Research Chair in Marine Geology<br>Memorial University of Newfoundland<br>(709) 864-2273<br><a href=\"mailto:jjamieson@mun.ca\">jjamieson@mun.ca<\/a><br><a rel=\"noreferrer noopener\" href=\"https:\/\/www.mun.ca\/earthsciences\/Our_People\/\" target=\"_blank\">More about John&#8230;<\/a><\/p>\n\n\n\n<div style=\"height:20px\" aria-hidden=\"true\" class=\"wp-block-spacer\"><\/div>\n\n\n<div class=\"wp-block-image\">\n<figure class=\"alignleft size-large is-resized\"><img decoding=\"async\" src=\"https:\/\/www.esd.mun.ca\/wordpress\/iodpcanada\/images\/gillis-kathy-profile.jpg\" alt=\"\" width=\"160\"\/><\/figure><\/div>\n\n\n<h4 class=\"wp-block-heading\">Kathy Gillis<\/h4>\n\n\n\n<p>Professor<br>University of Victoria<br>(250) 472-4023<br><a href=\"mailto:kgillis@uvic.ca\">kgillis@uvic.ca<\/a><br><a rel=\"noreferrer noopener\" href=\"https:\/\/www.researchgate.net\/profile\/Kathryn_Gillis\" target=\"_blank\">More about Kathy&#8230;<\/a><\/p>\n\n\n\n<div style=\"height:20px\" aria-hidden=\"true\" class=\"wp-block-spacer\"><\/div>\n\n\n<div class=\"wp-block-image\">\n<figure class=\"alignleft size-large is-resized\"><img decoding=\"async\" src=\"https:\/\/www.esd.mun.ca\/wordpress\/iodpcanada\/images\/kienast.jpg\" alt=\"\" width=\"160\"\/><\/figure><\/div>\n\n\n<h4 class=\"wp-block-heading\">Marcus Kienast<\/h4>\n\n\n\n<p class=\"has-text-align-left\">Associate Professor<br>Dalhousie University<br>(902) 494-8338<br><a href=\"mailto:markus.kienast@dal.ca\">markus.kienast@dal.ca<\/a><br><a rel=\"noreferrer noopener\" href=\"http:\/\/www.dal.ca\/faculty\/science\/oceanography\/people\/faculty\/markus-kienast.html\" target=\"_blank\">More about Markus&#8230;<\/a><\/p>\n\n\n\n<div style=\"height:20px\" aria-hidden=\"true\" class=\"wp-block-spacer\"><\/div>\n\n\n<div class=\"wp-block-image\">\n<figure class=\"alignleft\"><img decoding=\"async\" src=\"https:\/\/www.esd.mun.ca\/wordpress\/iodpcanada\/images\/tutolo_benjamin.jpg\" alt=\"\" title=\"Tutolo_Benjamin.jpg\"\/><\/figure><\/div>\n\n\n<h4 class=\"wp-block-heading\">Benjamin Tutolo<\/h4>\n\n\n\n<p>Assistant Professor<br>University of Calgary<br>(403) 210-7758<br><a href=\"mailto:benjamin.tutolo@ucalgary.ca\">benjamin.tutolo@ucalgary.ca<\/a> <br><a rel=\"noreferrer noopener\" href=\"https:\/\/ucalgary.ca\/reactive-transport\/group-members\" target=\"_blank\">More about Benjamin&#8230;<\/a><\/p>\n\n\n\n<div style=\"height:20px\" aria-hidden=\"true\" class=\"wp-block-spacer\"><\/div>\n\n\n<div class=\"wp-block-image\">\n<figure class=\"alignleft is-resized\"><img decoding=\"async\" src=\"https:\/\/www.esd.mun.ca\/wordpress\/iodpcanada\/images\/anne.jpg\" alt=\"\" width=\"160\" title=\"Anne.jpg\"\/><\/figure><\/div>\n\n\n<h4 class=\"wp-block-heading\">Anne de Vernal<\/h4>\n\n\n\n<p>Professor<br>Universit\u00e9 du Qu\u00e9bec \u00e0 Montr\u00e9al<br>(514) 987-3000 ext. 8599<br><a href=\"mailto:devernal.anne@uqam.ca\">devernal.anne@uqam.ca<\/a> <br><a rel=\"noreferrer noopener\" href=\"https:\/\/professeurs.uqam.ca\/professeur?c=devernal.anne\" target=\"_blank\">More about Anne&#8230;<\/a><\/p>\n\n\n\n<div style=\"height:20px\" aria-hidden=\"true\" class=\"wp-block-spacer\"><\/div>\n\n\n<div class=\"wp-block-image\">\n<figure class=\"alignleft size-large is-resized\"><img decoding=\"async\" src=\"https:\/\/web.archive.org\/web\/20210425105128im_\/http:\/\/www.iodpcanada.ca\/images\/dominique.jpg\/@@images\/a1e6d600-d194-485d-b9b2-9a4fcb0933d7.jpeg\" alt=\"\" width=\"160\"\/><\/figure><\/div>\n\n\n<h4 class=\"wp-block-heading\">Dominique Weis<\/h4>\n\n\n\n<p>Professor, Canada Research Chair (Tier I)<br>University of British Columbia<br>(604) 822-1697<br><a href=\"mailto:dweis@eos.ubc.ca\">dweis@eos.ubc.ca<\/a><br><a rel=\"noreferrer noopener\" href=\"http:\/\/pcigr.eos.ubc.ca\/Dominique-Weis\/\" target=\"_blank\">More about Dominique&#8230;<\/a><\/p>\n\n\n\n<div style=\"height:20px\" aria-hidden=\"true\" class=\"wp-block-spacer\"><\/div>\n\n\n<div class=\"wp-block-image\">\n<figure class=\"alignleft is-resized\"><img decoding=\"async\" src=\"https:\/\/www.esd.mun.ca\/wordpress\/iodpcanada\/images\/wortmann.jpg\" alt=\"\" width=\"160\" title=\"Wortmann.jpg\"\/><\/figure><\/div>\n\n\n<h4 class=\"wp-block-heading\">Ulrich G. Wortmann<\/h4>\n\n\n\n<p>Associate Professor<br>University of Toronto<br>(416) 978-7084<br><a href=\"mailto:uli.wortmann@utoronto.ca\">uli.wortmann@utoronto.ca<\/a><br><a rel=\"noreferrer noopener\" href=\"http:\/\/www.es.utoronto.ca\/people\/faculty\/wortmann-ulrich\/\" target=\"_blank\">More about Ulrich&#8230;<\/a><\/p>\n","protected":false},"excerpt":{"rendered":"<p>CCOD Executive Committee John W. Jamieson &#8211; CCOD Chair Associate Professor, Canada Research Chair in Marine GeologyMemorial University of Newfoundland(709) 864-2273jjamieson@mun.caMore about John&#8230; Kathy Gillis ProfessorUniversity of Victoria(250) 472-4023kgillis@uvic.caMore about Kathy&#8230; Marcus Kienast Associate ProfessorDalhousie University(902) 494-8338markus.kienast@dal.caMore about Markus&#8230; Benjamin Tutolo Assistant ProfessorUniversity of Calgary(403) 210-7758benjamin.tutolo@ucalgary.ca More about Benjamin&#8230; Anne de Vernal ProfessorUniversit\u00e9 du Qu\u00e9bec [&hellip;]<\/p>\n","protected":false},"author":2,"featured_media":0,"parent":0,"menu_order":0,"comment_status":"closed","ping_status":"closed","template":"","meta":{"footnotes":""},"_links":{"self":[{"href":"\/wordpress\/iodpcanada\/index.php\/wp-json\/wp\/v2\/pages\/98"}],"collection":[{"href":"\/wordpress\/iodpcanada\/index.php\/wp-json\/wp\/v2\/pages"}],"about":[{"href":"\/wordpress\/iodpcanada\/index.php\/wp-json\/wp\/v2\/types\/page"}],"author":[{"embeddable":true,"href":"\/wordpress\/iodpcanada\/index.php\/wp-json\/wp\/v2\/users\/2"}],"replies":[{"embeddable":true,"href":"\/wordpress\/iodpcanada\/index.php\/wp-json\/wp\/v2\/comments?post=98"}],"version-history":[{"count":72,"href":"\/wordpress\/iodpcanada\/index.php\/wp-json\/wp\/v2\/pages\/98\/revisions"}],"predecessor-version":[{"id":700,"href":"\/wordpress\/iodpcanada\/index.php\/wp-json\/wp\/v2\/pages\/98\/revisions\/700"}],"wp:attachment":[{"href":"\/wordpress\/iodpcanada\/index.php\/wp-json\/wp\/v2\/media?parent=98"}],"curies":[{"name":"wp","href":"https:\/\/api.w.org\/{rel}","templated":true}]}}